{"id":158,"date":"2021-02-17T14:51:47","date_gmt":"2021-02-17T19:51:47","guid":{"rendered":"https:\/\/live.bu.edu\/whitehat\/?page_id=158"},"modified":"2026-03-03T10:20:48","modified_gmt":"2026-03-03T15:20:48","slug":"sponsors","status":"publish","type":"page","link":"https:\/\/live.bu.edu\/whitehat\/sponsors\/","title":{"rendered":"Sponsors"},"content":{"rendered":"<p style=\"text-align: center;\"><a href=\"https:\/\/live.bu.edu\/whitehat\/corporate-sponsors\/\" class=\"button\" style=\"background: #fff;\">Join Us as a Corporate Sponsor!<\/a><\/p>\n<div class=\"container\">\n<div class=\"sponsor\"><a href=\"https:\/\/www.bu.edu\/\" target=\"_blank\" rel=\"noopener noreferrer\"><img src=\"\/whitehat\/files\/2021\/03\/BU_master-logo.jpg\" style=\"padding: 32px;\" alt=\"Boston University logo\" \/><\/a><\/div>\n<div class=\"sponsor\"><a href=\"https:\/\/centercicboston.org\/\" target=\"_blank\" rel=\"noopener noreferrer\"><img src=\"\/whitehat\/files\/2022\/03\/CIC-full.png\" style=\"padding: 16px;\" alt=\"Center for Cybercrime Investigation &amp; Cybersecurity logo\" \/><\/a><\/div>\n<p><!--\n\n\n<div class=\"sponsor\"><a href=\"https:\/\/www.unileon.es\/\" target=\"_blank\" rel=\"noopener noreferrer\"><img src=\"\/whitehat\/files\/2025\/05\/UdeLeonescudo-txtcentrado220.png\" alt=\"University of Le\u00f3n logo\" \/><\/a><\/div>\n\n\n\n\n<div class=\"sponsor\"><img src=\"\/whitehat\/files\/2025\/05\/logofundedeu.jpg\" alt=\"Funded by the European Union - NextGenerationEU\" \/><\/div>\n\n\n\n\n<div class=\"sponsor\"><img src=\"\/whitehat\/files\/2025\/05\/Gobierno.jpg\" alt=\"Gobierno de Espa\u00f1a - Ministerio Para la Transformaci\u00f3n Digital y de la Funci\u00f3n P\u00fablica\" style=\"padding: 16px;\" \/><\/div>\n\n\n\n\n<div class=\"sponsor\"><img src=\"\/whitehat\/files\/2025\/05\/logo_ministerio_pie.png\" alt=\"Ministerio Para la Transformaci\u00f3n Digital y de la Funci\u00f3n P\u00fablica - Secretar\u00eda de Estado de Digitalizaci\u00f3n e Inteligencia Artificial\" style=\"padding: 24px;\" \/><\/div>\n\n\n\n\n<div class=\"sponsor\"><img src=\"\/whitehat\/files\/2025\/05\/INCIBE.png\" alt=\"incibe_ - Instituto Nacional de Ciberseguridad\" style=\"padding: 16px;\" \/><\/div>\n\n\n\n\n<div class=\"sponsor\"><img src=\"\/whitehat\/files\/2025\/05\/Plande-R.png\" alt=\"Plan de Recuperaci\u00f3n, Transformaci\u00f3n y Resiliencia\" style=\"padding: 32px;\" \/><\/div>\n\n-->\n<\/div>\n","protected":false},"excerpt":{"rendered":"<p>Join Us as a Corporate Sponsor!<\/p>\n","protected":false},"author":1420,"featured_media":0,"parent":0,"menu_order":9,"comment_status":"closed","ping_status":"closed","template":"page-templates\/no-sidebars.php","meta":[],"_links":{"self":[{"href":"https:\/\/live.bu.edu\/whitehat\/wp-json\/wp\/v2\/pages\/158"}],"collection":[{"href":"https:\/\/live.bu.edu\/whitehat\/wp-json\/wp\/v2\/pages"}],"about":[{"href":"https:\/\/live.bu.edu\/whitehat\/wp-json\/wp\/v2\/types\/page"}],"author":[{"embeddable":true,"href":"https:\/\/live.bu.edu\/whitehat\/wp-json\/wp\/v2\/users\/1420"}],"replies":[{"embeddable":true,"href":"https:\/\/live.bu.edu\/whitehat\/wp-json\/wp\/v2\/comments?post=158"}],"version-history":[{"count":47,"href":"https:\/\/live.bu.edu\/whitehat\/wp-json\/wp\/v2\/pages\/158\/revisions"}],"predecessor-version":[{"id":2147,"href":"https:\/\/live.bu.edu\/whitehat\/wp-json\/wp\/v2\/pages\/158\/revisions\/2147"}],"wp:attachment":[{"href":"https:\/\/live.bu.edu\/whitehat\/wp-json\/wp\/v2\/media?parent=158"}],"curies":[{"name":"wp","href":"https:\/\/api.w.org\/{rel}","templated":true}]}}